prime factors of 987270810.
2, 3, 5, 107, 457, 673
List the prime factors of 50180415.
3, 5, 3345361
List the prime factors of 345280634.
2, 172640317
List the prime factors of 1364932534.
2, 7, 479, 29077
List the prime factors of 60003407.
29, 311, 6653
What are the prime factors of 48246751?
7, 6892393
What are the prime factors of 203801365?
5, 37, 41, 97, 277
What are the prime factors of 25558711?
25558711
List the prime factors of 1197933994.
2, 59, 10151983
List the prime factors of 948083336.
2, 17, 6971201
List the prime factors of 194016732.
2, 3, 7, 13, 79, 173
What are the prime factors of 1004152903?
13, 61, 1266271
What are the prime factors of 741352993?
741352993
List the prime factors of 302990700.
2, 3, 5, 193, 5233
List the prime factors of 185724498.
2, 3, 71, 435973
What are the prime factors of 1513040161?
2003, 755387
List the prime factors of 84515572.
2, 19, 1112047
What are the prime factors of 175470492?
2, 3, 53, 275897
List the prime factors of 761685634.
2, 59, 163, 199
What are the prime factors of 81395836?
2, 1553, 13103
What are the prime factors of 3498017?
37, 94541
What are the prime factors of 279579908?
2, 19, 3678683
What are the prime factors of 2102546997?
3, 101, 771011
What are the prime factors of 388991861?
388991861
List the prime factors of 2098869161.
983, 2135167
List the prime factors of 566437696.
2, 11, 271, 2969
What are the prime factors of 21770106?
2, 3, 3628351
List the prime factors of 300933920.
2, 5, 7, 89, 3019
List the prime factors of 13870940.
2, 5, 43, 127
What are the prime factors of 2128840182?
2, 3, 7, 97, 149, 167
List the prime factors of 1069310144.
2, 7, 340979
List the prime factors of 29262295.
5, 31, 71, 2659
What are the prime factors of 701370071?
17, 31, 1330873
What are the prime factors of 558155831?
179, 277, 11257
List the prime factors of 275919402.
2, 3, 11, 89, 107, 439
List the prime factors of 1111516282.
2, 11437, 48593
What are the prime factors of 1187346488?
2, 9923, 14957
What are the prime factors of 874167569?
11, 401, 198179
What are the prime factors of 270051?
3, 90017
List the prime factors of 555123044.
2, 7, 419, 47317
List the prime factors of 25441702.
2, 11, 13, 8087
What are the prime factors of 3211530705?
3, 5, 71367349
List the prime factors of 2469642388.
2, 23, 1063, 25253
List the prime factors of 179547190.
2, 5, 727, 24697
List the prime factors of 1489201608.
2, 3, 19, 23, 141991
List the prime factors of 38485576.
2, 4810697
List the prime factors of 2504376690.
2, 3, 5, 73, 1143551
What are the prime factors of 467666370?
2, 3, 5, 5196293
What are the prime factors of 2189920483?
1009, 2170387
What are the prime factors of 8516859?
3, 13, 218381
What are the prime factors of 1829094565?
5, 19, 97, 198491
List the prime factors of 3320761701.
3, 1106920567
What are the prime factors of 184976631?
3, 7, 47, 179, 349
List the prime factors of 3591558.
2, 3, 61, 3271
What are the prime factors of 6056537903?
13, 465887531
What are the prime factors of 475799584?
2, 13, 1143749
List the prime factors of 2147199642.
2, 3, 7, 17041267
List the prime factors of 388700198.
2, 53, 449, 8167
What are the prime factors of 86432750?
2, 5, 345731
List the prime factors of 1152229257.
3, 128025473
List the prime factors of 3087082128.
2, 3, 13, 149, 33203
List the prime factors of 55758468.
2, 3, 353, 13163
List the prime factors of 36043625.
5, 288349
List the prime factors of 246382719.
3, 11, 2099, 3557
What are the prime factors of 38778128?
2, 41, 59113
List the prime factors of 159511661.
491, 324871
List the prime factors of 79067367.
3, 2928421
List the prime factors of 246993746.
2, 123496873
What are the prime factors of 7219610?
2, 5, 721961
What are the prime factors of 4167652551?
3, 733, 1895249
List the prime factors of 15205527.
3, 1689503
What are the prime factors of 20149212?
2, 3, 1679101
List the prime factors of 131605684.
2, 7, 4700203
What are the prime factors of 36532997?
79, 462443
What are the prime factors of 123475690?
2, 5, 13, 53, 17921
What are the prime factors of 1663321155?
3, 5, 521, 212837
What are the prime factors of 252792145?
5, 50558429
List the prime factors of 4476049.
17, 281, 937
What are the prime factors of 869144912?
2, 54321557
List the prime factors of 49028482.
2, 71, 345271
List the prime factors of 25569901.
7, 3652843
List the prime factors of 432423039.
3, 359, 401507
List the prime factors of 89942062.
2, 7, 149, 43117
List the prime factors of 298621717.
298621717
List the prime factors of 36964420.
2, 5, 1848221
What are the prime factors of 287731741?
11, 26157431
List the prime factors of 24846055.
5, 13, 37, 10331
What are the prime factors of 137169022?
2, 17, 4034383
List the prime factors of 273413250.
2, 3, 5, 11, 11047
What are the prime factors of 51702825?
3, 5, 53, 13007
What are the prime factors of 423803080?
2, 5, 433, 24469
List the prime factors of 4060372.
2, 1015093
What are the prime factors of 1190957617?
947, 1257611
List the prime factors of 50247445.
5, 53, 189613
What are the prime factors of 123978555?
3, 5, 293, 9403
List the prime factors of 19113123.
3, 6371041
What are the prime factors of 270724867?
7, 38674981
List the prime factors of 1952457547.
1952457547
List the prime factors of 2421734676.
2, 3, 23, 179, 49019
List the prime factors of 78371807.
78371807
List the prime factors of 2075569924.
2, 43, 331, 36457
List the prime factors of 74712115.
5, 757, 19739
What are the prime factors of 45297284?
2, 47, 240943
List the prime factors of 2431377212.
2, 11, 103, 536491
List the prime factors of 43003432.
2, 5375429
List the prime factors of 275196405.
3, 5, 11, 53, 31469
What are the prime factors of 2959495084?
2, 7, 13, 173, 46997
List the prime factors of 104299459.
11, 861979
List the prime factors of 44695899.
3, 1171, 4241
List the prime factors of 1620354084.
2, 3, 135029507
What are the prime factors of 264839910?
2, 3, 5, 41, 215317
What are the prime factors of 81742165?
5, 47, 53, 6563
List the prime factors of 337401287.
337401287
List the prime factors of 1334128173.
3, 7, 63529913
What are the prime factors of 2335313610?
2, 3, 5, 7, 797, 4651
What are the prime factors of 66472913?
13, 337, 15173
What are the prime factors of 135772811?
83, 1635817
What are the prime factors of 40414192?
2, 7, 13, 41, 677
List the prime factors of 1090450875.
3, 5, 2907869
What are the prime factors of 3983996?
2, 19, 31, 89
What are the prime factors of 57334919?
57334919
What are the prime factors of 232670524?
2, 58167631
List the prime factors of 329815594.
2, 164907797
List the prime factors of 62210924.
2, 31, 501701
List the prime factors of 45160880.
2, 5, 109, 5179
What are the prime factors of 21768762?
2, 3, 3628127
List the prime factors of 455791533.
3, 467, 325333
List the prime factors of 1274038422.
2, 3, 293, 353, 2053
What are the prime factors of 3108364481?
3108364481
List the prime factors of 515056020.
2, 3, 5, 23, 373229
List the prime factors of 50917150.
2, 5, 19, 53597
List the prime factors of 18977180.
2, 5, 53, 17903
List the prime factors of 105934219.
37, 1031, 2777
What are the prime factors of 102242342?
2, 29, 349, 5051
What are the prime factors of 101492676?
2, 3, 313249
What are the prime factors of 1433829132?
2, 3, 677, 58831
List the prime factors of 563689827.
3, 67, 311603
What are the prime factors of 2367570112?
2, 36993283
What are the prime factors of 10257422?
2, 7, 732673
List the prime factors of 593217475.
5, 29, 818231
What are the prime factors of 600586608?
2, 3, 17, 736013
List the prime factors of 82525761.
3, 9169529
What are the prime factors of 2854934798?
2, 1427467399
List the prime factors of 30523591.
7, 59, 73907
List the prime factors of 1804035716.
2, 7, 17, 61, 62131
What are the prime factors of 20574684?
2, 3, 13, 43963
What are the prime factors of 953962265?
5, 190792453
List the prime factors of 46898065.
5, 9379613
What are the prime factors of 411426465?
3, 5, 27428431
List the prime factors of 590165987.
71, 8312197
What are the prime factors of 2458979243?
7, 23, 1907, 8009
List the prime factors of 1932862.
2, 966431
What are the prime factors of 64656334?
2, 1471, 21977
